number?
False
Is 208837 a composite number?
False
Is 68707 prime?
False
Is 232049 a composite number?
False
Is 2722 composite?
True
Is 6761 a prime number?
True
Is 1353221 prime?
True
Is 4754 prime?
False
Is 388019 composite?
True
Is 28111 a composite number?
False
Is 479371 a composite number?
False
Is 37977 a composite number?
True
Is 19733 composite?
True
Is 5383 a composite number?
True
Is 12881 a composite number?
True
Is 477209 prime?
True
Is 951367 composite?
False
Is 861127 a composite number?
True
Is 1975571 a prime number?
False
Is 62401 a prime number?
True
Is 15511 prime?
True
Is 39041 prime?
True
Is 7621 composite?
False
Is 7465 a composite number?
True
Is 171077 a prime number?
True
Is 16319 prime?
True
Is 486091 a prime number?
True
Is 4307 a composite number?
True
Is 53659 a prime number?
False
Is 85 prime?
False
Is 334861 composite?
False
Is 195911 prime?
False
Is 150473 a composite number?
False
Is 9313 composite?
True
Is 15653 prime?
False
Is 1581911 a prime number?
True
Is 521 a composite number?
False
Is 707749 a prime number?
False
Is 15959 a prime number?
True
Is 213919 prime?
True
Is 109393 composite?
True
Is 48938 prime?
False
Is 1399 prime?
True
Is 19681 a composite number?
False
Is 1783 a composite number?
False
Is 98594 prime?
False
Is 671791 composite?
False
Is 14047 a prime number?
False
Is 401686 a composite number?
True
Is 1513 a prime number?
False
Is 6233 composite?
True
Is 297473 a composite number?
True
Is 79757 prime?
True
Is 16841 a prime number?
False
Is 3941 composite?
True
Is 16033 prime?
True
Is 25577 composite?
False
Is 605789 a prime number?
True
Is 397673 a prime number?
True
Is 169391 prime?
False
Is 10781 prime?
True
Is 14243 prime?
True
Is 103319 composite?
False
Is 141263 a prime number?
True
Is 966607 a composite number?
True
Is 126703 a composite number?
False
Is 3037 composite?
False
Is 26461 prime?
False
Is 462911 composite?
False
Is 3425419 prime?
True
Is 304289 a composite number?
True
Is 1234511 prime?
True
Is 2729 composite?
False
Is 51059 a composite number?
False
Is 147571 a prime number?
True
Is 317329 a composite number?
True
Is 27845 a prime number?
False
Is 207469 prime?
True
Is 1251367 a prime number?
False
Is 56401 composite?
False
Is 6599 a prime number?
True
Is 11885 a prime number?
False
Is 1920417 prime?
False
Is 296363 a prime number?
True
Is 62407 a composite number?
True
Is 112379 composite?
True
Is 333977 a prime number?
False
Is 768833 composite?
True
Is 1111 composite?
True
Is 126971 a prime number?
False
Is 9391 a prime number?
True
Is 30601 a prime number?
False
Is 525659 a composite number?
True
Is 136691 a composite number?
False
Is 25049 prime?
False
Is 493693 composite?
False
Is 237155 a prime number?
False
Is 422771 prime?
False
Is 7037 composite?
True
Is 28687 a prime number?
True
Is 48485 prime?
False
Is 57457 a composite number?
False
Is 24851 composite?
False
Is 18833 a composite number?
True
Is 14821 prime?
True
Is 855443 prime?
False
Is 183693 a composite number?
True
Is 1052009 composite?
True
Is 9691 composite?
True
Is 88607 a prime number?
True
Is 3739 prime?
True
Is 151139 a prime number?
False
Is 38417 a prime number?
False
Is 38993 prime?
True
Is 7039 composite?
False
Is 108331 prime?
False
Is 153641 a prime number?
True
Is 81157 a prime number?
True
Is 154883 a composite number?
False
Is 487151 prime?
False
Is 85193 prime?
True
Is 151091 a prime number?
True
Is 14143 composite?
False
Is 49663 prime?
True
Is 37703 composite?
True
Is 54829 a composite number?
False
Is 3049 a prime number?
True
Is 5480743 prime?
True
Is 455027 composite?
True
Is 7303 composite?
True
Is 45481 a composite number?
False
Is 354763 a prime number?
True
Is 1285085 a prime number?
False
Is 683543 a prime number?
False
Is 7781 a composite number?
True
Is 201 composite?
True
Is 3377 prime?
False
Is 14243 a composite number?
False
Is 29053 composite?
True
Is 835 composite?
True
Is 66287 prime?
False
Is 3547 a prime number?
True
Is 109789 composite?
False
Is 4039679 prime?
False
Is 919 a prime number?
True
Is 570881 composite?
False
Is 60303 a prime number?
False
Is 129083 a prime number?
True
Is 1727 a composite number?
True
Is 35299 prime?
False
Is 2281 a composite number?
False
Is 7069 a prime number?
True
Is 368717 prime?
True
Is 496955 prime?
False
Is 602779 a prime number?
True
Is 9569 composite?
True
Is 80035 a prime number?
False
Is 42929 composite?
False
Is 16301 a composite number?
False
Is 48943 a prime number?
False
Is 1001503 a composite number?
True
Is 27601 composite?
True
Is 92643 a prime number?
False
Is 6189 composite?
True
Is 677757 prime?
False
Is 145283 prime?
True
Is 39439 prime?
True
Is 340213 composite?
True
Is 49663 a prime number?
True
Is 2293 a prime number?
True
Is 12071 prime?
True
Is 571069 composite?
False
Is 5836873 a composite number?
True
Is 541571 composite?
False
Is 934397 a composite number?
True
Is 124231 a composite number?
False
Is 68863 a prime number?
True
Is 39191 prime?
True
Is 76381 composite?
True
Is 9521 a composite number?
False
Is 141517 composite?
True
Is 227111 prime?
True
Is 22789 a prime number?
False
Is 26101 a prime number?
False
Is 11545 a prime number?
False
Is 4999 a prime number?
True
Is 6353 a composite number?
False
Is 205177 composite?
True
Is 7631 a prime number?
False
Is 162859 a composite number?
False
Is 1118339 prime?
True
Is 75311 prime?
False
Is 256687 a prime number?
True
Is 119585 a prime number?
False
Is 48563 prime?
True
Is 24611 prime?
True
Is 56273 composite?
True
Is 167083 a prime number?
False
Is 784981 a composite number?
False
Is 5221 prime?
False
Is 11391 composite?
True
Is 13157 prime?
False
Is 2771 a prime number?
False
Is 105593 composite?
True
Is 207923 a prime number?
True
Is 8663 a composite number?
False
Is 45943 a composite number?
False
Is 9469 prime?
False
Is 391541 a composite number?
True
Is 805529 composite?
True
Is 6521 a prime number?
True
Is 1969 a composite number?
True
Is 801833 a composite number?
False
Is 1126823 prime?
True
Is 52747 composite?
False
Is 77954 a composite number?
True
Is 134033 a prime number?
True
Is 6761 a prime number?
True
Is 6245 composite?
True
Is 13171 a composite number?
False
Is 42089 prime?
True
Is 76333 composite?
False
Is 5086 prime?
False
Is 7829 composite?
False
Is 19678 a composite number?
True
Is 564533 a composite number?
False
Is 131411 prime?
False
Is 12057 a composite number?
True
Is 17377 a prime number?
True
Is 3833 composite?
False
Is 169891 composite?
False
Is 24305 a prime number?
False
Is 2437363 a composite number?
True
Is 10357 a prime number?
True
Is 5329 prime?
False
Is 957937 a prime number?
True
Is 791123 prime?
False
Is 12633 prime?
False
Is 3309 composite?
True
Is 2333 composite?
False
Is 123 composite?
True
Is 298001 a prime number?
False
Is 28214 a prime number?
False
Is 21211 composite?
False
Is 365006 prime?
False
Is 22229 composite?
False
Is 15073 prime?
True
Is 19289 prime?
True
Is 88379 prime?
True
Is 148663 prime?
True
Is 34829 prime?
False
Is 337049 a prime number?
True
Is 15053 composite?
False
Is 7355 a prime number?
False
Is 917222 a prime number?
False
Is 179763 prime?
False
Is 123031 a composite number?
False
Is 755617 prime?
True
Is 95547 a prime number?
False
Is 2459 prime?
True
Is 3127791 composite?
True
Is 12557 prime?
False
Is 30518 prime?
False
Is 84997 a composite number?
True
Is 541171 a prime number?
False
Is 440009 composite?
False
Is 9491 a composite number?
False
Is 483367 a composite number?
False
Is 4111 a prime number?
True
Is 6589 prime?
False
Is 1511 a composite number?
False
Is 49699 a prime number?
False
Is 38929 composite?
True
Is 2323 a prime number?
False
Is 5579 prime?
False
Is 11821 a composite number?
False
Is 55 composite?
True
Is 60017 a composite number?
False
Is 70501 a prime number?
True
Is 5383 a prime number?
False
Is 116027 composite?
False
Is 45979 a composite number?
False
Is 4083 a prime number?
False
Is 15567 prime?
False
Is 23531 prime?
True
Is 784477 composite?
True
Is 226351 a prime number?
False
Is 380753 composite?
False
Is 11719 prime?
True
Is 16853 a composite number?
True
Is 21047 composite?
True
Is 337897 a composite number?
True
Is 125833 a composite number?
True
Is 15